+ 426*n**2 + 436*n - 1044. Determine y(143).
-43
Let p(f) = 50*f**3 + 435*f**2 + 641*f + 314. Determine p(-7).
-8
Let x(u) = u**3 - 18*u**2 + 72*u - 65. Calculate x(10).
-145
Let k(q) = 60*q**2 + 41568*q - 41573. Give k(1).
55
Let y(z) = 2775*z - 52707. Give y(19).
18
Let m(d) = -d**3 + 24*d**2 + 17*d - 863. Calculate m(19).
1265
Let l(u) = 3*u**2 - 415*u + 11737. Calculate l(34).
1095
Let b(o) = 465*o**2 - 929*o + 18. Give b(2).
20
Let c(y) = 16*y**2 - 1503*y - 18. Give c(0).
-18
Let z(l) = 39*l - 15337. Determine z(404).
419
Let o(t) = t**2 - 40*t - 2404. Calculate o(-44).
1292
Let j(l) = -2*l**2 + 64*l + 87681. Calculate j(226).
-7
Let w(o) = -o**3 + 52*o**2 - 561*o + 2032. What is w(39)?
-74
Let a(c) = -c**3 + 91*c**2 - 1087*c + 580. What is a(77)?
-113
Let n(m) = 24*m**2 - 2199*m + 9654. Determine n(87).
-3
Let n(v) = -1905*v + 56802. Calculate n(30).
-348
Let r(c) = 2*c**3 + 142*c**2 + 1324*c + 244. What is r(-60)?
4
Let k(q) = -277*q + 8550. Determine k(31).
-37
Let q(x) = 769121*x + 14613311. Calculate q(-19).
12
Let b(j) = -204267*j + 204269. Determine b(1).
2
Let p(j) = 5625*j + 33803. What is p(-6)?
53
Let k(c) = -295*c - 17501. Determine k(-59).
-96
Let s(u) = -u**2 - 35826*u - 214914. Calculate s(-6).
6
Let b(c) = 45*c**2 + 1700*c - 10. What is b(0)?
-10
Let z(l) = 8*l**2 + 12589*l + 75620. Calculate z(-6).
374
Let q(n) = 7*n**3 - 439*n**2 - 99*n - 1704. What is q(63)?
-3
Let i(r) = 26*r**2 + 1184*r + 3864. Calculate i(-42).
0
Let h(f) = 102*f**2 - 2266*f - 2312. Calculate h(23).
-472
Let z(n) = n**3 + 4*n**2 - 43*n - 175. What is z(-4)?
-3
Let u(i) = -i**3 + 1274*i**2 + 108321*i - 1354. Give u(1354).
0
Let x(i) = -11765*i + 11930. Determine x(1).
165
Let w(x) = -3*x**2 + 464*x + 125439. What is w(296)?
-65
Let n(c) = 5*c**2 - 1429*c + 79744. Give n(76).
20
Let d(o) = -o**2 - 18847*o + 1172357. Give d(62).
-1
Let b(j) = -7*j**2 + 49*j + 2592. Give b(-16).
16
Let g(k) = k**2 - 25*k - 3593. What is g(-46)?
-327
Let f(z) = -32*z**2 + 262*z - 210. Determine f(8).
-162
Let b(t) = -2240*t + 1939867. Give b(866).
27
Let k(q) = -4*q**3 + 63*q**2 - 32*q - 54. Determine k(15).
141
Let m(z) = 2*z**3 + 362*z**2 + 3173*z + 116. What is m(-9)?
-577
Let i(c) = -c**3 - 726*c**2 - 2136*c + 23665. Determine i(-723).
-194
Let f(v) = 214*v**2 + 18434*v + 102885. What is f(-6)?
-15
Let i(d) = -29*d**2 - 415*d + 8351. Give i(11).
277
Let l(j) = j**3 - 221*j**2 + 64*j + 34314. Calculate l(220).
-6
Let z(h) = 4*h**2 + 4602*h + 36555. What is z(-8)?
-5
Let h(v) = -7*v**3 - 346*v**2 + 595*v - 73. Calculate h(-51).
-1807
Let k(g) = 3*g**3 - 5*g**2 + 1449*g - 12801. Calculate k(8).
7
Let b(l) = -4*l**3 - 82*l**2 + 1011*l + 409. Give b(9).
-50
Let p(v) = v**2 - 193895*v - 4072228. Give p(-21).
8
Let b(a) = -211768*a + 6988349. Determine b(33).
5
Let r(h) = -h**2 - 31*h + 7608. Give r(-123).
-3708
Let t(u) = 88*u**2 - 2550*u + 7607. Calculate t(3).
749
Let o(w) = w**3 + 49*w**2 - 94*w - 10719. Give o(-46).
-47
Let t(h) = -375*h - 553139. What is t(-1475)?
-14
Let l(p) = 9*p**3 + 222*p**2 - 86*p - 266. Determine l(-25).
9
Let x(v) = 11*v**3 - 404*v**2 - 131*v + 605. Determine x(37).
-135
Let l(w) = -9*w**3 + w**2 - 3285*w - 3291. Give l(-1).
4
Let v(u) = -195*u + 2152. Determine v(10).
202
Let q(p) = -p**3 - 494*p**2 - 1465*p + 4667. Determine q(-491).
739
Let h(g) = -g**2 + 987*g - 75027. What is h(83)?
5
Let x(q) = 24*q**2 + 258*q + 470. Give x(-6).
-214
Let w(r) = -9*r**2 + 489*r - 2806. Determine w(6).
-196
Let k(x) = 30781*x + 123157. Calculate k(-4).
33
Let o(x) = -169*x - 21827. What is o(-135)?
988
Let l(u) = -41*u**2 + 4141*u + 4141. Determine l(-1).
-41
Let x(i) = -1060*i**3 + 1074*i**2 - 2*i + 6. Give x(1).
18
Let o(a) = a**2 + 396*a + 37451. Calculate o(-154).
183
Let u(m) = -11776*m - 94170. Calculate u(-8).
38
Let a(i) = -54*i**2 - 1083*i - 38. What is a(-20)?
22
Let y(k) = 3*k**2 - 23299*k + 232702. What is y(10)?
12
Let b(x) = -158*x**2 - 2584*x + 4668. Calculate b(-18).
-12
Let y(b) = 39640*b + 396383. Give y(-10).
-17
Let o(t) = -13*t**2 - 41*t - 50. Determine o(-8).
-554
Let t(v) = -3041*v + 2949765. Calculate t(970).
-5
Let v(f) = 13*f**3 - 2453*f**2 - 615*f - 26687. Calculate v(189).
-38
Let v(q) = 12231*q + 61884. Give v(-5).
729
Let l(b) = -6642*b - 50898. Give l(-8).
2238
Let y(c) = 2*c**2 + 90*c + 1233. Determine y(-25).
233
Let f(q) = -295*q**2 - 198*q - 57. Give f(-3).
-2118
Let g(y) = -y**3 - 338*y**2 - 5789*y + 12. What is g(-18)?
534
Let w(m) = -271560*m - 1086421. What is w(-4)?
-181
Let t(r) = -19*r**3 - 277*r**2 + 207*r + 1313. Give t(-15).
8
Let t(q) = q**2 - 12832*q - 489056. Calculate t(-38).
4
Let c(o) = -1770*o + 143365. What is c(81)?
-5
Let l(y) = -636*y - 6437. Give l(-11).
559
Let n(d) = d**2 + 92*d + 1437. Determine n(-20).
-3
Let t(g) = 2*g**2 + 430*g - 27040. Determine t(51).
92
Let c(t) = 118857*t - 356235. Determine c(3).
336
Let q(n) = 4*n**3 + 7*n - 479. What is q(0)?
-479
Let v(h) = -159347*h - 2071492. Determine v(-13).
19
Let w(r) = r**3 + 38*r**2 + 35*r + 1351. What is w(-38)?
21
Let n(i) = -3564*i + 431249. Determine n(121).
5
Let m(t) = -1228*t + 23234. Give m(16).
3586
Let i(d) = -7821*d - 50570. What is i(-7)?
4177
Let y(h) = -3*h**3 + 18*h**2 - 15*h - 146. Give y(9).
-1010
Let r(s) = -s**2 + 52*s + 2073. Calculate r(-25).
148
Let a(p) = -p**3 + 31*p**2 - 1394*p + 41060. Determine a(30).
140
Let q(m) = 1057254*m + 5286302. Give q(-5).
32
Let g(f) = -f**3 - 85*f**2 - 218*f - 17954. Determine g(-85).
576
Let q(y) = 3323*y - 119614. Give q(36).
14
Let g(w) = -3*w**2 + 11510*w + 115420. What is g(-10)?
20
Let v(x) = -2*x**3 - 60*x**2 - 468*x - 941. What is v(-19)?
9
Let r(s) = 3687*s + 306085. Determine r(-83).
64
Let k(w) = 622*w**2 + 3077*w - 87. Give k(-5).
78
Let b(w) = -12968*w - 90818. Give b(-7).
-42
Let h(q) = -9*q**2 + 867*q - 520. Determine h(94).
1454
Let l(y) = -y**3 + 14*y**2 - 2950*y + 32228. Give l(11).
141
Let n(m) = -5*m**2 - 395*m - 1483. Determine n(-75).
17
Let s(p) = p**3 + 309*p**2 + 20563*p - 276. Calculate s(-212).
-64
Let d(j) = 2*j**3 + 41*j**2 - 42*j + 443. Give d(-22).
-85
Let l(q) = 96*q**2 - 8*q - 77. Calculate l(-3).
811
Let f(d) = 12*d**2 + 7787*d + 318839. Calculate f(-605).
4
Let q(o) = 345*o - 8096. Determine q(34).
3634
Let g(z) = 2*z**3 - 31*z**2 - 22*z - 1457. Give g(18).
-233
Let b(x) = -46*x**2 + 1343*x - 2496. Determine b(2).
6
Let s(p) = 13477*p - 1334151. Determine s(99).
72
Let n(f) = -499*f - 1537. What is n(-4)?
459
Let y(p) = 108*p + 2573. Determine y(-36).
-1315
Let j(v) = -2*v**2 - 298*v + 50484. Determine j(-250).
-16
Let n(w) = -19*w**3 - 2*w**2 + 991*w + 1992. Calculate n(-2).
154
Let f(g) = -2*g**3 - 32*g**2 - 98*g - 4070. What is f(-19)?
-42
Let z(x) = -113*x**2 + 3732*x + 84. Determine z(33).
183
Let c(i) = -1433*i - 58760. Calculate c(-41).
-7
Let y(b) = -b**3 + 21*b**2 - 67*b - 547. What is y(15)?
-202
Let v(b) = -66*b**2 - 1381*b + 160. Give v(-21).
55
Let m(l) = l**3 + 63*l**2 - 355*l - 1131. Give m(-68).
-111
Let y(f) = 1500*f + 121339. Determine y(-81).
-161
Let c(m) = 41*m**2 + 1597*m - 83. Give c(-39).
-5
Let l(t) = t**2 - 613*t + 85438. Determine l(215).
-132
Let b(p) = 4735*p + 236744. What is b(-50)?
-6
Let x(g) = 2*g**3 - 302*g**2 + 1728*g + 1674. Determine x(145).
-66
Let q(c) = -218*c - 37348. Calculate q(-172).
148
Let m(v) = -v**3 - 51*v**2 - 190*v + 4563. Determine m(-14).
-29
Let b(j) = 13591*j - 1263957. What is b(93)?
6
Let u(h) = 188*h - 34614. Determine u(185).
166
Let r(p) = -3000*p - 21152. Give r(-7).
-152
Let s(h) = h**3 - 2516*h**2 + 10029*h + 74. What is s(4)?
-2
Let d(k) = 5*k**2 - 615*k - 5164. What is d(131)?
76
Let a(b) = -3*b**3 + 26*b**2 - 62*b + 30. What is a(5)?
-5
Let p(d) = 14*d**2 + 4572*d - 22915. Give p(5).
295
Let d(f) = 50*f**2 - 377*f + 583. Give d(3).
-98
Let i(l) = 1447*l + 143339. Calculate i(-99).
86
Let s(u) = -225*u**2 - 121497*u + 1633. What is s(-540)?
13
Let s(x) = x**3 - 142*x**2 - 791*x + 72467. Give s(144).
35
Let z(k) = k**2 - 7253*k - 6142555. Calculate z(-766).
-1
Let f(q) = 194*q - 7036. Determine f(48).
2276
Let j(n) = -1516*n - 48399. Give j(-32).
113
Let d(j) = -202*j + 6951. Calculate d(36).
-321
Let c(q) = 104*q**2 - 311*q + 210. Determine c(1).
3
Let m(p) = p**3 - 521*p**2 - 32946*p + 